{"id":675,"date":"2020-06-10T08:16:30","date_gmt":"2020-06-10T08:16:30","guid":{"rendered":"https:\/\/breton.qodeinteractive.com\/?page_id=675"},"modified":"2024-04-01T10:52:39","modified_gmt":"2024-04-01T10:52:39","slug":"contact-us","status":"publish","type":"page","link":"https:\/\/korelacje.online\/?page_id=675","title":{"rendered":"Contact Us"},"content":{"rendered":"\t\t<div data-elementor-type=\"wp-page\" data-elementor-id=\"675\" class=\"elementor elementor-675\">\n\t\t\t\t\t\t<section class=\"elementor-section elementor-top-section elementor-element elementor-element-af34755 elementor-section-full_width elementor-section-stretched elementor-section-height-default elementor-section-height-default qodef-elementor-content-no\" data-id=\"af34755\" data-element_type=\"section\" data-e-type=\"section\" data-settings=\"{&quot;stretch_section&quot;:&quot;section-stretched&quot;}\">\n\t\t\t\t\t\t<div class=\"elementor-container elementor-column-gap-no\">\n\t\t\t\t\t<div class=\"elementor-column elementor-col-100 elementor-top-column elementor-element elementor-element-97e6971\" data-id=\"97e6971\" data-element_type=\"column\" data-e-type=\"column\">\n\t\t\t<div class=\"elementor-widget-wrap elementor-element-populated\">\n\t\t\t\t\t\t<div class=\"elementor-element elementor-element-efbf51e elementor-widget elementor-widget-text-editor\" data-id=\"efbf51e\" data-element_type=\"widget\" data-e-type=\"widget\" data-widget_type=\"text-editor.default\">\n\t\t\t\t<div class=\"elementor-widget-container\">\n\t\t\t\t\t\t\t\t\t<h5><span style=\"text-decoration: underline;\">STATUT STOWARZYSZENIA ARTYSTYCZNEGO \u201eKorelacje\u201d&nbsp;<\/span><\/h5>\n<p><span style=\"font-weight: 400;\">ROZDZIA\u0141 I POSTANOWIENIA OG\u00d3LNE&nbsp;<\/span><\/p>\n<ol>\n<li><span style=\"font-weight: 400;\"> Stowarzyszenie nosi nazw\u0119 \u201eStowarzyszenie Artystyczne \u201cKorelacje\u201d (zwane dalej Stowarzyszeniem) dzia\u0142a na podstawie ustawy z dnia 7 kwietnia 1989r. Prawo o stowarzyszeniach (Dz.U.01.79.855 ze zmianami) oraz niniejszego statutu.&nbsp;<\/span><\/li>\n<li><span style=\"font-weight: 400;\"> Stowarzyszenie ma charakter otwarty i dzia\u0142a na obszarze Rzeczypospolitej Polskiej. Jego siedzib\u0105 jest Warszawa.&nbsp;<\/span><\/li>\n<li><span style=\"font-weight: 400;\"> Stowarzyszenie opiera swoj\u0105 dzia\u0142alno\u015b\u0107 na spo\u0142ecznej pracy og\u00f3\u0142u cz\u0142onk\u00f3w; do prowadzenia spraw mo\u017ce zatrudni\u0107 pracownik\u00f3w.<\/span><\/li>\n<li><span style=\"font-weight: 400;\"> Stowarzyszenie posiada osobowo\u015b\u0107 prawn\u0105, ma prawo zawiera\u0107 porozumienia i umowy o wsp\u00f3\u0142pracy oraz mo\u017ce by\u0107 cz\u0142onkiem organizacji krajowych, zagranicznych i mi\u0119dzynarodowych o tym samym i podobnym profilu dzia\u0142ania.&nbsp;<\/span><\/li>\n<li><span style=\"font-weight: 400;\"> Stowarzyszenie ma prawo u\u017cywania znak\u00f3w, odznak i piecz\u0119ci zgodnie z obowi\u0105zuj\u0105cymi w tym zakresie przepisami, zosta\u0142o powo\u0142ane na czas nieokre\u015blony.&nbsp;<\/span><\/li>\n<\/ol>\n<p><span style=\"font-weight: 400;\">ROZDZIA\u0141 II CELE I SPOSOBY REALIZACJI<\/span><\/p>\n<ol start=\"6\">\n<li><span style=\"font-weight: 400;\"> Aktywne popieranie idei symbiozy mi\u0119dzy sztuk\u0105 wizualn\u0105, teatraln\u0105, audiowizualn\u0105 oraz filmow\u0105.&nbsp;<\/span><\/li>\n<li><span style=\"font-weight: 400;\"> Upowszechnianie wiedzy o \u017cyciu i spu\u015bci\u017anie artystycznej Helmuta Kajzara, Jolanty Lothe (i jej rodziny), a tak\u017ce promocja tw\u00f3rczo\u015bci kreatywnych cz\u0142onk\u00f3w Stowarzyszenia.<\/span><\/li>\n<li><span style=\"font-weight: 400;\"> Tworzenie spo\u0142eczno\u015bci artystycznej, wspieranie wymian mi\u0119dzynarodowych, promowanie walor\u00f3w go\u015bcinno\u015bci i dialogu.<\/span><\/li>\n<li><span style=\"font-weight: 400;\"> Wspieranie integracji mi\u0119dzypokoleniowej.&nbsp;<\/span><\/li>\n<li><span style=\"font-weight: 400;\"> Dzia\u0142alno\u015b\u0107 na rzecz dobra publicznego w zakresie digitalizacji, archiwizacji, udost\u0119pniania, promocji d\u00f3br kultury i sztuki.&nbsp;<\/span><\/li>\n<li><span style=\"font-weight: 400;\"> Dzia\u0142alno\u015b\u0107 na rzecz wspierania i promocji artyst\u00f2w oraz r\u00f3\u017cnych form aktywno\u015bci tw\u00f3rczej.<\/span><\/li>\n<li><span style=\"font-weight: 400;\"> Celem Stowarzyszenia realizowane b\u0119d\u0105 poprzez:<\/span><\/li>\n<li><span style=\"font-weight: 400;\">a) produkcj\u0119 i prezentacj\u0119 wystaw, organizowanie spotkan i sesji naukowych, tworzenie projektow filmowych oraz przedstawien.<\/span><\/li>\n<li><span style=\"font-weight: 400;\">b) Organizowanie warsztatow zwiazanych z celami Stowarzyszenia, dyskutowanie i analizowanie materia\u0142\u00f3w audiowizualnych o tw\u00f3rcach kultury,<\/span><\/li>\n<li><span style=\"font-weight: 400;\">c) tworzenie stron i portali internetowych w celu rozpowszechniania kultury, sztuki i o\u015bwiaty d) Pomoc artystom w realizacji ich projekt\u00f3w<\/span><\/li>\n<li><span style=\"font-weight: 400;\">e) wsp\u00f3\u0142prac\u0119 z osobami i instytucjami oraz organami pa\u0144stwowymi i samorz\u0105dowymi w kraju i poza jego granicami,&nbsp;<\/span><\/li>\n<li><span style=\"font-weight: 400;\">f) wydawanie i rozpowszechnianie materia\u0142\u00f3w zwi\u0105zanych z celami statutowymi Stowarzyszenia.&nbsp;<\/span><\/li>\n<\/ol>\n<ul>\n<li style=\"font-weight: 400;\" aria-checked=\"false\" aria-level=\"1\"><span style=\"font-weight: 400;\">13. Wskazana w punktach 6-11 dzia\u0142alno\u015b\u0107 po\u017cytku publicznego mo\u017ce by\u0107 realizowana zar\u00f3wno w formie odp\u0142atnej jak i nieodp\u0142atnej.&nbsp;<\/span><\/li>\n<\/ul>\n<p><span id=\"ginger-button-for-rephrase\" style=\"left: 190px; top: 251px; position: fixed; z-index: 51; visibility: visible;\" title=\"Rephrase\"><\/span><\/p>\t\t\t\t\t\t\t\t<\/div>\n\t\t\t\t<\/div>\n\t\t\t\t<div class=\"elementor-element elementor-element-b06dc7b elementor-widget elementor-widget-text-editor\" data-id=\"b06dc7b\" data-element_type=\"widget\" data-e-type=\"widget\" data-widget_type=\"text-editor.default\">\n\t\t\t\t<div class=\"elementor-widget-container\">\n\t\t\t\t\t\t\t\t\t<h6><b><u>DOWNLOAD ca\u0142y statut<br \/><\/u><\/b><a href=\"https:\/\/korelacje.online\/wp-content\/uploads\/2023\/07\/STATUT-1nowy-zmieniony-korelacje.pdf\" target=\"_blank\" rel=\"noopener\"><b><u>http:\/\/correlations.onl<\/u><\/b>ine\/wp-content\/uploads\/2023\/07\/STATUT-1nowy-zmieniony-korelacje.pdf<\/a>P<\/h6><pre>\u00a0<\/pre>\t\t\t\t\t\t\t\t<\/div>\n\t\t\t\t<\/div>\n\t\t\t\t\t<\/div>\n\t\t<\/div>\n\t\t\t\t\t<\/div>\n\t\t<\/section>\n\t\t\t\t<section class=\"elementor-section elementor-top-section elementor-element elementor-element-bf1167b elementor-section-full_width elementor-section-height-default elementor-section-height-default qodef-elementor-content-no\" data-id=\"bf1167b\" data-element_type=\"section\" data-e-type=\"section\">\n\t\t\t\t\t\t<div class=\"elementor-container elementor-column-gap-no\">\n\t\t\t\t\t<div class=\"elementor-column elementor-col-25 elementor-top-column elementor-element elementor-element-f8bb9c4\" data-id=\"f8bb9c4\" data-element_type=\"column\" data-e-type=\"column\">\n\t\t\t<div class=\"elementor-widget-wrap elementor-element-populated\">\n\t\t\t\t\t\t<div class=\"elementor-element elementor-element-fefa997 elementor-widget elementor-widget-image\" data-id=\"fefa997\" data-element_type=\"widget\" data-e-type=\"widget\" data-widget_type=\"image.default\">\n\t\t\t\t<div class=\"elementor-widget-container\">\n\t\t\t\t\t\t\t\t\t\t\t\t\t\t\t<img decoding=\"async\" width=\"150\" height=\"150\" src=\"https:\/\/korelacje.online\/wp-content\/uploads\/2020\/06\/client-6-150x150.png\" class=\"attachment-thumbnail size-thumbnail wp-image-477\" alt=\"a\" srcset=\"https:\/\/korelacje.online\/wp-content\/uploads\/2020\/06\/client-6-150x150.png 150w, https:\/\/korelacje.online\/wp-content\/uploads\/2020\/06\/client-6.png 188w\" sizes=\"(max-width: 150px) 100vw, 150px\" \/>\t\t\t\t\t\t\t\t\t\t\t\t\t\t\t<\/div>\n\t\t\t\t<\/div>\n\t\t\t\t<div class=\"elementor-element elementor-element-0ac42a1 elementor-widget elementor-widget-text-editor\" data-id=\"0ac42a1\" data-element_type=\"widget\" data-e-type=\"widget\" data-widget_type=\"text-editor.default\">\n\t\t\t\t<div class=\"elementor-widget-container\">\n\t\t\t\t\t\t\t\t\t<p><a style=\"font-size: 13px; color: #8b8b8b;\" href=\"https:\/\/paulakajzarphoto.art\/\">\u00a9 Paula Kajzar 2023<\/a><\/p>\t\t\t\t\t\t\t\t<\/div>\n\t\t\t\t<\/div>\n\t\t\t\t\t<\/div>\n\t\t<\/div>\n\t\t\t\t<div class=\"elementor-column elementor-col-25 elementor-top-column elementor-element elementor-element-8d9afcf\" data-id=\"8d9afcf\" data-element_type=\"column\" data-e-type=\"column\">\n\t\t\t<div class=\"elementor-widget-wrap elementor-element-populated\">\n\t\t\t\t\t\t<div class=\"elementor-element elementor-element-eadb4ad elementor-widget elementor-widget-wp-widget-text\" data-id=\"eadb4ad\" data-element_type=\"widget\" data-e-type=\"widget\" data-widget_type=\"wp-widget-text.default\">\n\t\t\t\t<div class=\"elementor-widget-container\">\n\t\t\t\t\t<h5>Location:<\/h5>\t\t\t<div class=\"textwidget\"><p><a href=\"https:\/\/www.google.com\/maps\/place\/Six+Collection\/@52.3655214,4.8999671,18.94z\/data=!4m13!1m7!3m6!1s0x47c60995954b4567:0xab82bfad2dbd5f02!2sHerengracht+1016,+1017+CJ+Amsterdam,+Netherlands!3b1!8m2!3d52.3653686!4d4.9004631!3m4!1s0x47c60995de2b4927:0x930307985ef19812!8m2!3d52.3650528!4d4.9006802\" target=\"_blank\" rel=\"noopener\">City of Warsaw<br \/>\nPoland<br \/>\nAl. Niepodleglosci 223\/3<\/a><\/p>\n<\/div>\n\t\t\t\t\t\t<\/div>\n\t\t\t\t<\/div>\n\t\t\t\t\t<\/div>\n\t\t<\/div>\n\t\t\t\t<div class=\"elementor-column elementor-col-25 elementor-top-column elementor-element elementor-element-49386a5\" data-id=\"49386a5\" data-element_type=\"column\" data-e-type=\"column\">\n\t\t\t<div class=\"elementor-widget-wrap elementor-element-populated\">\n\t\t\t\t\t\t<div class=\"elementor-element elementor-element-1c22d57 elementor-widget elementor-widget-wp-widget-text\" data-id=\"1c22d57\" data-element_type=\"widget\" data-e-type=\"widget\" data-widget_type=\"wp-widget-text.default\">\n\t\t\t\t<div class=\"elementor-widget-container\">\n\t\t\t\t\t<h5>Contact<\/h5>\t\t\t<div class=\"textwidget\"><p><a href=\"mailto:info@brutal.com\">korelacje10@gmail.com<\/a><br \/>\n<a href=\"tel:123456\">+48 695095734<\/a><\/p>\n<p><a href=\"tel:123456\">+39 3488252892<\/a><\/p>\n<\/div>\n\t\t\t\t\t\t<\/div>\n\t\t\t\t<\/div>\n\t\t\t\t\t<\/div>\n\t\t<\/div>\n\t\t\t\t<div class=\"elementor-column elementor-col-25 elementor-top-column elementor-element elementor-element-0a81eeb\" data-id=\"0a81eeb\" data-element_type=\"column\" data-e-type=\"column\">\n\t\t\t<div class=\"elementor-widget-wrap elementor-element-populated\">\n\t\t\t\t\t\t<div class=\"elementor-element elementor-element-43e3f6a elementor-widget elementor-widget-wp-widget-breton_core_simple_social_link\" data-id=\"43e3f6a\" data-element_type=\"widget\" data-e-type=\"widget\" data-widget_type=\"wp-widget-breton_core_simple_social_link.default\">\n\t\t\t\t<div class=\"elementor-widget-container\">\n\t\t\t\t\t<h5>Social:<\/h5>            <div class=\"qodef-simple-social-links-group qodef-orientation--horizontal\">\n\t\t\t\t\t\t\t\t\t                    <a  class=\"qodef-simple-social-link-widget\" href=\"https:\/\/www.instagram.com\/creativehomeshare\/\" target=\"_blank\">\n                        <div class=\"qodef-simple-social-link-short-text\"><span>I<\/span><span>n<\/span><\/div>\n                    <\/a>\n\t\t\t        \t\t\t\t\t\t\t\t\t                    <a  class=\"qodef-simple-social-link-widget\" href=\"https:\/\/www.facebook.com\/videoteatr\" target=\"_blank\">\n                        <div class=\"qodef-simple-social-link-short-text\"><span>F<\/span><span>B<\/span><\/div>\n                    <\/a>\n\t\t\t        \t\t\t\t\t\t\t\t\t                    <a  class=\"qodef-simple-social-link-widget\" href=\"https:\/\/www.youtube.com\/@LLTvideoteatr\" target=\"_blank\">\n                        <div class=\"qodef-simple-social-link-short-text\"><span>Y<\/span><span>T<\/span><\/div>\n                    <\/a>\n\t\t\t        \t\t\t\t\t\t\t\t\t\t\t\t\t\t\t\t\t\t\t\t\t\t            <\/div>\n\t\t\t\t\t\t<\/div>\n\t\t\t\t<\/div>\n\t\t\t\t\t<\/div>\n\t\t<\/div>\n\t\t\t\t\t<\/div>\n\t\t<\/section>\n\t\t\t\t<\/div>\n\t\t","protected":false},"excerpt":{"rendered":"<p>STATUT STOWARZYSZENIA ARTYSTYCZNEGO \u201eKorelacje\u201d&nbsp; ROZDZIA\u0141 I POSTANOWIENIA OG\u00d3LNE&nbsp; Stowarzyszenie nosi nazw\u0119 \u201eStowarzyszenie Artystyczne \u201cKorelacje\u201d (zwane dalej Stowarzyszeniem) dzia\u0142a na podstawie ustawy z dnia 7 kwietnia 1989r. Prawo o stowarzyszeniach (Dz.U.01.79.855 ze zmianami) oraz niniejszego statutu.&nbsp; Stowarzyszenie ma charakter otwarty i dzia\u0142a na obszarze Rzeczypospolitej Polskiej. Jego siedzib\u0105 jest Warszawa.&nbsp; Stowarzyszenie opiera swoj\u0105 dzia\u0142alno\u015b\u0107 na spo\u0142ecznej [&hellip;]<\/p>\n","protected":false},"author":1,"featured_media":0,"parent":0,"menu_order":0,"comment_status":"closed","ping_status":"closed","template":"page-full-width.php","meta":{"footnotes":""},"class_list":["post-675","page","type-page","status-publish","hentry"],"_links":{"self":[{"href":"https:\/\/korelacje.online\/index.php?rest_route=\/wp\/v2\/pages\/675","targetHints":{"allow":["GET"]}}],"collection":[{"href":"https:\/\/korelacje.online\/index.php?rest_route=\/wp\/v2\/pages"}],"about":[{"href":"https:\/\/korelacje.online\/index.php?rest_route=\/wp\/v2\/types\/page"}],"author":[{"embeddable":true,"href":"https:\/\/korelacje.online\/index.php?rest_route=\/wp\/v2\/users\/1"}],"replies":[{"embeddable":true,"href":"https:\/\/korelacje.online\/index.php?rest_route=%2Fwp%2Fv2%2Fcomments&post=675"}],"version-history":[{"count":33,"href":"https:\/\/korelacje.online\/index.php?rest_route=\/wp\/v2\/pages\/675\/revisions"}],"predecessor-version":[{"id":3088,"href":"https:\/\/korelacje.online\/index.php?rest_route=\/wp\/v2\/pages\/675\/revisions\/3088"}],"wp:attachment":[{"href":"https:\/\/korelacje.online\/index.php?rest_route=%2Fwp%2Fv2%2Fmedia&parent=675"}],"curies":[{"name":"wp","href":"https:\/\/api.w.org\/{rel}","templated":true}]}}